Suppose -i + 5*i = -3*u + 22471, 3*i - 16834 = -5*u. Is i prime?
True
Let n(w) = -6*w**3 - 5*w**2 + 8*w - 1. Let f = -5 + 5. Suppose f = -5*a + 4*m - 22, -a + 0*a - 12 = 3*m. Is n(a) prime?
False
Suppose 219*f - 3105478 = 172*f. Is f a composite number?
True
Suppose 0 = -x + 11 + 6. Suppose -t - 2*t = 3*c - 6, -c + 2*t + x = 0. Suppose -c*w = -12*w + 5245. Is w a composite number?
False
Suppose -2*o = -5*s + 11287, 124 = 3*o + 127. Is s a prime number?
False
Let f = 2 - 10. Let a(s) = 7*s + 2*s**2 + 6 + 12 + s**3 + 7*s**2 - 7. Is a(f) prime?
True
Let h be (-6*(-12)/162)/((-2)/(-9)). Suppose -173 = -5*b - 4*g, h*b + 5*g - 18 - 41 = 0. Is b a prime number?
True
Let d be 10/7*(7/2 + 0). Suppose 0*b + 4*k + 21830 = 2*b, 15 = -d*k. Is b a composite number?
False
Suppose -4*b + 375 = 5*y - 752, 883 = 4*y - 3*b. Let i = -2556 + y. Let h = i + 4482. Is h a prime number?
False
Suppose 0 = -2*m - 3*m + 140. Let d be (-100)/(-7) + (-8)/m. Is ((-7)/(-2))/(d/1036) a composite number?
True
Let o(q) be the second derivative of 39*q**3 - 53*q**2/2 - q + 23. Is o(9) a prime number?
True
Suppose 0 = 430*y - 407*y - 1719779. Is y composite?
True
Let y be 8/48 - 203147/(-42). Suppose 4*b = y + 6919. Is b a composite number?
False
Let n(x) = -64*x**3 - 2*x**2 - 6*x + 5. Suppose 5*m + 20 = 0, -4*y + 5*m = -5*y - 23. Is n(y) a composite number?
False
Let f(t) be the first derivative of 181*t**3/3 - 5*t**2/2 + 5*t + 155. Suppose -2*z = -4 - 0. Is f(z) a composite number?
False
Let b be (16/10)/(4 + 167090/(-41775)). Suppose -3*c - c - 5*h = -b, 3*h + 6684 = 4*c. Is c a composite number?
True
Suppose 3829 = s + 2*z + 384, -z = -5*s + 17203. Is (20/6 + -1)/(37/s) a prime number?
False
Let z(t) = -3*t**3 + 11*t - 9. Suppose 4*g - 8*g = f + 31, -5*f = -3*g - 29. Is z(g) prime?
True
Let b = 287 - 283. Is (b/(-3))/(12/(-23211)) a composite number?
False
Let g(f) = 5 - 38*f + 610*f + 711*f + 2286*f. Let c be g(2). Suppose c = 12*l - 11565. Is l composite?
False
Let z be (-2 + 5 - 0)*-2 - -5. Is 895622/380 + z/(-10) composite?
False
Let c = 3239415 + -2081356. Is c composite?
True
Suppose f = -66*c + 61*c + 16, -f - 14 = -5*c. Is c + -7 + 4 + 1135 a composite number?
True
Suppose -23*g = -15*g - 176. Suppose 0 = -14*q + 62 + g. Let h(y) = 62*y**2 - 11*y - 13. Is h(q) a prime number?
True
Let q = 156338 + 102621. Is q a composite number?
False
Let g = 29052 + -4255. Is g prime?
False
Let v = 72 + -69. Suppose -50 = -5*j + 3*h, j - v = -3*h + 5*h. Is (46/(-4))/((13/(-34))/j) prime?
False
Suppose 3*k - 15 = -6. Suppose 0 = -2*o, 152 = -k*m - 5*o + 1823. Is m composite?
False
Let q(w) = -51669*w**3 + 2*w**2 - 21*w - 21. Is q(-1) a composite number?
True
Let m(l) = l + 1007. Suppose -1 = 2*s + 3, 4*s + 8 = -5*p. Is m(p) a prime number?
False
Let r(d) = 13*d - 6. Let i = -8 - 8. Let u(y) = 2*y + 39. Let w be u(i). Is r(w) prime?
False
Let o(w) = 96*w**2 + 17*w + 740. Is o(39) composite?
False
Let p(z) = -14*z**3 + 6*z**2 + 28*z + 341. Is p(-18) prime?
False
Let z(t) = 1458*t**3 - 3*t**2 + 23*t - 41. Is z(3) prime?
True
Suppose 41 = 2*s - 43. Let y = 40 - s. Is (-177)/((-12)/(-56)*y) prime?
False
Let y(l) = -8812*l + 135. Let u(i) = 2937*i - 44. Let g(j) = -11*u(j) - 4*y(j). Is g(3) a composite number?
True
Suppose 0 = 22*r - 25*r. Suppose 2*l - 3*l - 4*t - 31 = 0, r = -l - t - 37. Is (0 - 5942/(-5)) + l/(-65) prime?
False
Let h = 22 + -22. Suppose h*b = 5*p - 2*b - 10, 2*b = 4*p - 10. Suppose -4*d + 5*n + 5578 = p, 2*d - d - 1391 = 3*n. Is d composite?
True
Suppose 7*f - 3503662 = 4152231. Is f a prime number?
True
Suppose -5*p = c - 10238, -2*p = -26*c + 22*c - 4082. Is p a composite number?
True
Let h(s) = -82*s**3 - 45*s**2 - 126*s - 5. Is h(-9) a prime number?
False
Let z(g) = -11*g + 28. Let x be z(2). Suppose x*u = 16984 + 398. Is u a composite number?
False
Let l(z) = -3*z**3 - 11*z**2 + 79*z + 49. Is l(-16) a composite number?
True
Suppose -20*m + 616 = 236. Let n(i) = 4*i**2 - 34*i - 45. Is n(m) a prime number?
False
Suppose 8*h + 354 = 82. Is (-128958)/h - (-6 + (-900)/(-153)) a prime number?
True
Let g(v) = v**3 + 38*v**2 - 382*v + 2. Is g(15) prime?
True
Suppose -4*k - 4*i = 15 - 55, 5*k - 2*i - 29 = 0. Let j(z) = 9*z**3 - k*z**3 - 6*z**2 - 3*z + 9*z - z - 10. Is j(9) composite?
True
Let a(r) = -2673*r**3 + 2*r**2 + 35*r + 77. Is a(-3) prime?
True
Let b = 2035 - 913. Suppose 0 = -3*n + 3*m - b - 255, 0 = 2*m - 6. Let h = 1157 + n. Is h a prime number?
True
Is 182615*(-39 + 40)*2/10 prime?
True
Suppose -3*s - 4 - 6 = b, -b + 3*s = -20. Suppose b*a - 9*a = 2*w - 5382, -3*w = a - 1358. Is a prime?
False
Let l(n) = 2*n**2 + n + 9. Let j be l(0). Suppose 0 = c + 5*q - 15, -4*c + q + j = -9. Suppose -i - 4551 = -c*z, 3*i - 2*i = 4. Is z a prime number?
True
Suppose -38*c + 1345484 = -857034. Is c a prime number?
False
Is ((63/(-42))/((-5)/(-7115060)*6))/(-1) a composite number?
False
Suppose -2*u - u - 5*r + 6974 = 0, 0 = -4*u - 2*r + 9294. Let m = -1398 + 642. Let p = m + u. Is p a composite number?
False
Suppose 15*d = 32*d - 478567. Is d a prime number?
True
Let r be 8 + (0 + 7 - 3)*-1. Suppose -57750 - 71532 = -r*p + q, -2*q - 129280 = -4*p. Is p composite?
False
Let x(o) = 15*o**3 + 5*o**2 - 9*o - 7. Suppose -2*m - 22 = -3*f, -5*f + 32 = 4*m - 5*m. Is x(f) composite?
False
Suppose 0 = -14*v - 11*v - 11*v + 29825748. Is v prime?
False
Let y = -439 + 439. Let z(q) = -q**3 - 3*q**2 + q + 1247. Is z(y) a prime number?
False
Suppose 983 = y + 4*w, 52*w = 2*y + 54*w - 1996. Is y a prime number?
False
Let g(x) = -44797*x + 2449. Is g(-22) composite?
False
Let u = -25762 + 46619. Is u prime?
True
Let p(l) = -11*l**3 + l**2 - 32*l - 11. Let w be p(9). Let h = 16200 + w. Is h composite?
False
Suppose 3*w = -b + 690359, 3*b = 34*w - 30*w + 2071025. Is b prime?
False
Let z be (-5448)/(-288) - ((-1)/12 + 0). Let q(h) = h**2 + 40*h - 60. Is q(z) prime?
True
Suppose -66*f + 69*f = 0. Suppose -12*h + 18044 - 2840 = f. Is h composite?
True
Let v be (-285)/(-30)*8/2. Suppose -6127 = -v*b + 37*b. Suppose -3*p - 5*j + b = 0, 5*p - 4*j - 10261 = -0*j. Is p composite?
True
Let f(u) = 4440*u - 763. Is f(11) composite?
True
Let q be (2*(-463)/4)/(3/(-6)). Let z = -231 + q. Suppose 5*t + 8*u - 5*u - 253 = 0, 4*t = 5*u + z. Is t a composite number?
False
Let s be 86/14 - (-4)/(-28). Suppose -6*m - 1930 = -16*m. Suppose -1837 = -s*o - m. Is o a composite number?
True
Let t(i) = 2957*i + 1133. Is t(78) a composite number?
False
Let s(p) = 8*p - p + 18 - 328*p**2 + 329*p**2. Let c be s(-3). Suppose 4*w - 6743 = h, -c*w + 1682 = -5*w + h. Is w a prime number?
False
Let f = -29 + 38. Let h be (f/6)/3*74. Suppose -d = -2*b - h, -d + 3*b - 6 = -45. Is d a composite number?
True
Let n(p) = -61*p - 460. Let b be n(-21). Let v = 381 - -1157. Suppose b = 2*f + c - v, -5*f - 4*c = -5905. Is f a prime number?
False
Let q = 598 - -795. Suppose 42*u = 35*u + q. Is u composite?
False
Let l(x) = 13*x + 31. Let c be l(-13). Let g = c - -227. Suppose 7*d - g = 44. Is d a prime number?
True
Let f be 0 + 4 + (1 - 8) + 10. Let k = -91 - -111. Suppose -f*m + 2*m = -k, 2*m = -2*l + 8370. Is l composite?
True
Let t = -15 + 14. Let l be (t*(-1 + 1))/1. Suppose l = -16*x + 5*x + 5731. Is x composite?
False
Let k = 168241 - 23176. Suppose -18*t + 45033 = -k. Is t prime?
False
Suppose -12*o + 15*o - 155264 = 5*b, 4*o - 207027 = 5*b. Suppose -23*q + 24*q - 17255 = -y, 4*y = -3*q + o. Is q a prime number?
True
Let q be 14 - (-1)/((-4)/16). Let f(v) = 31*v - 17. Is f(q) a prime number?
True
Let l be 114/(-15) + (-6)/15. Let d be (15345 + 1)*-1*4/l. Suppose 2*c - d = -5*s, 5*s + 4*c - 2831 - 4840 = 0. Is s a prime number?
False
Suppose -40033 + 150682 = 7*t. Is ((t/22)/(-3))/(2/(-4)) composite?
False
Suppose -12*r + 14 = -5*r. Suppose v - 4249 = -r*y - 926, y + 9948 = 3*v. Suppose 0 = 6*h - v - 745. Is h composite?
False
Suppose 365*f = 360*f + 614465. Is f a composite number?
True
Let x(j) = 634*j + 4. Let b be x(2). Let m = -55 + b. Is m prime?
True
Let w = 7 - -6. Let o be 587/2 + w/26 - 1. Let i = o + -114. Is i prime?
True
Let z = 16880 - -63. Is z a composite number?
False
Suppose -52299422 = -81*r + 26445619. Is r a composite number?
False
Suppose 14*w - 621110 = 1304436. Suppose 10*d - 12*d = -5*i + w, 5*i - 3*d = 